{"id":67,"date":"2022-08-03T14:01:27","date_gmt":"2022-08-03T14:01:27","guid":{"rendered":"https:\/\/qx2go.de\/wptest\/?page_id=67"},"modified":"2023-01-14T18:00:15","modified_gmt":"2023-01-14T18:00:15","slug":"ueber-mich","status":"publish","type":"page","link":"https:\/\/qx2go.de\/wptest\/index.php\/ueber-mich\/","title":{"rendered":"\u00dcber mich"},"content":{"rendered":"\n<div class=\"wp-block-media-text alignwide is-stacked-on-mobile\"><figure class=\"wp-block-media-text__media\"><img loading=\"lazy\" decoding=\"async\" width=\"1024\" height=\"1024\" src=\"https:\/\/qx2go.de\/wptest\/wp-content\/uploads\/2022\/08\/ChichiKoalabaum-1024x1024.jpg\" alt=\"\" class=\"wp-image-39 size-full\" srcset=\"https:\/\/qx2go.de\/wptest\/wp-content\/uploads\/2022\/08\/ChichiKoalabaum-1024x1024.jpg 1024w, https:\/\/qx2go.de\/wptest\/wp-content\/uploads\/2022\/08\/ChichiKoalabaum-300x300.jpg 300w, https:\/\/qx2go.de\/wptest\/wp-content\/uploads\/2022\/08\/ChichiKoalabaum-150x150.jpg 150w, https:\/\/qx2go.de\/wptest\/wp-content\/uploads\/2022\/08\/ChichiKoalabaum-768x768.jpg 768w, https:\/\/qx2go.de\/wptest\/wp-content\/uploads\/2022\/08\/ChichiKoalabaum-1536x1536.jpg 1536w, https:\/\/qx2go.de\/wptest\/wp-content\/uploads\/2022\/08\/ChichiKoalabaum.jpg 1876w\" sizes=\"auto, (max-width: 1024px) 100vw, 1024px\" \/><\/figure><div class=\"wp-block-media-text__content\">\n<p>Schon seit ich dem Beutel entwachsen bin, ist Eukalyptus meine Leidenschaft.<\/p>\n\n\n\n<p>Ich bin Expertin f\u00fcr Anbau, Pflege, Zuschnitt, und die korrekte D\u00fcngung von Eukalyptuspflanzen.<\/p>\n\n\n\n<p>Erfolgreich habe ich bereits viele beliebte neue Sorten gez\u00fcchtet, die in Zoos auf der ganzen Welt begeisterte Abnehmer finden.<\/p>\n\n\n\n<p>Ich verkaufe alle Produkte rund um den Eukalyptusbaum, vom einzelnen Blatt bis zur ausgewachsenen Pflanze, und berate bei der Pflege eigener Eukalyptusb\u00e4ume meiner Kund_innen.<\/p>\n\n\n\n<p>Ein besonderes Herzensanliegen sind mir die Koala Rescue Hotels in Australien. Hier k\u00fcmmere ich mich ehrenamtlich um das Futter f\u00fcr Koalas, die im Zuge der Waldbr\u00e4nde ihr Zuhause verloren haben.<\/p>\n<\/div><\/div>\n\n\n\n<div class=\"wp-block-cover is-light has-custom-content-position is-position-bottom-center\" style=\"padding-top:var(--wp--preset--spacing--40);padding-right:var(--wp--preset--spacing--40);padding-bottom:var(--wp--preset--spacing--30);padding-left:var(--wp--preset--spacing--40)\"><span aria-hidden=\"true\" class=\"wp-block-cover__background has-background-dim-30 has-background-dim wp-block-cover__gradient-background has-background-gradient\" style=\"background:linear-gradient(135deg,rgb(0,0,0) 0%,rgb(255,255,255) 100%)\"><\/span><img loading=\"lazy\" decoding=\"async\" width=\"1024\" height=\"711\" class=\"wp-block-cover__image-background wp-image-6\" alt=\"\" src=\"https:\/\/qx2go.de\/wptest\/wp-content\/uploads\/2022\/08\/20210523_093835-scaled-e1659464849302-1024x711.jpg\" style=\"object-position:52% 56%\" data-object-fit=\"cover\" data-object-position=\"52% 56%\" srcset=\"https:\/\/qx2go.de\/wptest\/wp-content\/uploads\/2022\/08\/20210523_093835-scaled-e1659464849302-1024x711.jpg 1024w, https:\/\/qx2go.de\/wptest\/wp-content\/uploads\/2022\/08\/20210523_093835-scaled-e1659464849302-300x208.jpg 300w, https:\/\/qx2go.de\/wptest\/wp-content\/uploads\/2022\/08\/20210523_093835-scaled-e1659464849302-768x533.jpg 768w, https:\/\/qx2go.de\/wptest\/wp-content\/uploads\/2022\/08\/20210523_093835-scaled-e1659464849302.jpg 1152w\" sizes=\"auto, (max-width: 1024px) 100vw, 1024px\" \/><div class=\"wp-block-cover__inner-container is-layout-flow wp-block-cover-is-layout-flow\">\n<p class=\"has-text-align-center has-link-color has-large-font-size wp-elements-6a3dbb41fff7434b8d462dfc5831d6b8\"><a href=\"http:\/\/www.qx2go.de\">Eine Blume aus meinem Garten.<\/a><\/p>\n<\/div><\/div>\n\n\n\n<div class=\"wp-block-group alignfull is-content-justification-center is-layout-flex wp-container-core-group-is-layout-8d8e14ee wp-block-group-is-layout-flex\" style=\"padding-top:0;padding-right:0;padding-bottom:0;padding-left:0\">\n<div class=\"wp-block-cover is-light has-custom-content-position is-position-bottom-right\" style=\"min-height:428px;aspect-ratio:unset;\"><span aria-hidden=\"true\" class=\"wp-block-cover__background has-background-dim\"><\/span><img loading=\"lazy\" decoding=\"async\" width=\"1024\" height=\"711\" class=\"wp-block-cover__image-background wp-image-6\" alt=\"\" src=\"https:\/\/qx2go.de\/wptest\/wp-content\/uploads\/2022\/08\/20210523_093835-scaled-e1659464849302-1024x711.jpg\" data-object-fit=\"cover\" srcset=\"https:\/\/qx2go.de\/wptest\/wp-content\/uploads\/2022\/08\/20210523_093835-scaled-e1659464849302-1024x711.jpg 1024w, https:\/\/qx2go.de\/wptest\/wp-content\/uploads\/2022\/08\/20210523_093835-scaled-e1659464849302-300x208.jpg 300w, https:\/\/qx2go.de\/wptest\/wp-content\/uploads\/2022\/08\/20210523_093835-scaled-e1659464849302-768x533.jpg 768w, https:\/\/qx2go.de\/wptest\/wp-content\/uploads\/2022\/08\/20210523_093835-scaled-e1659464849302.jpg 1152w\" sizes=\"auto, (max-width: 1024px) 100vw, 1024px\" \/><div class=\"wp-block-cover__inner-container is-layout-flow wp-block-cover-is-layout-flow\">\n<p class=\"has-text-align-right has-link-color has-large-font-size wp-elements-41162ec0c7c4ad92b4998c4aeb0c0118\" style=\"margin-left:14rem\">                                             <a href=\"http:\/\/www.tagesschau.de\">Auch ein Linktext!<\/a><\/p>\n<\/div><\/div>\n\n\n\n<div class=\"wp-block-cover has-custom-content-position is-position-bottom-right\"><span aria-hidden=\"true\" class=\"wp-block-cover__background has-background-dim\"><\/span><img loading=\"lazy\" decoding=\"async\" width=\"1024\" height=\"1024\" class=\"wp-block-cover__image-background wp-image-39\" alt=\"\" src=\"https:\/\/qx2go.de\/wptest\/wp-content\/uploads\/2022\/08\/ChichiKoalabaum-1024x1024.jpg\" data-object-fit=\"cover\" srcset=\"https:\/\/qx2go.de\/wptest\/wp-content\/uploads\/2022\/08\/ChichiKoalabaum-1024x1024.jpg 1024w, https:\/\/qx2go.de\/wptest\/wp-content\/uploads\/2022\/08\/ChichiKoalabaum-300x300.jpg 300w, https:\/\/qx2go.de\/wptest\/wp-content\/uploads\/2022\/08\/ChichiKoalabaum-150x150.jpg 150w, https:\/\/qx2go.de\/wptest\/wp-content\/uploads\/2022\/08\/ChichiKoalabaum-768x768.jpg 768w, https:\/\/qx2go.de\/wptest\/wp-content\/uploads\/2022\/08\/ChichiKoalabaum-1536x1536.jpg 1536w, https:\/\/qx2go.de\/wptest\/wp-content\/uploads\/2022\/08\/ChichiKoalabaum.jpg 1876w\" sizes=\"auto, (max-width: 1024px) 100vw, 1024px\" \/><div class=\"wp-block-cover__inner-container is-layout-flow wp-block-cover-is-layout-flow\">\n<p class=\"has-text-align-right has-link-color has-large-font-size wp-elements-5ffcb3710eebd9637300ff4f6b64ded6\" style=\"margin-left:14rem\"><a href=\"http:\/\/www.qx2go.de\/wptest\/\">Dritter Linktext.<\/a><\/p>\n<\/div><\/div>\n<\/div>\n\n\n\n<figure class=\"wp-block-gallery alignfull has-nested-images columns-default is-cropped qx-element-caption {text-align: right-align} wp-block-gallery-1 is-layout-flex wp-block-gallery-is-layout-flex\">\n<figure class=\"wp-block-image size-large\"><img loading=\"lazy\" decoding=\"async\" width=\"1024\" height=\"1024\" data-id=\"39\" src=\"https:\/\/qx2go.de\/wptest\/wp-content\/uploads\/2022\/08\/ChichiKoalabaum-1024x1024.jpg\" alt=\"\" class=\"wp-image-39\" srcset=\"https:\/\/qx2go.de\/wptest\/wp-content\/uploads\/2022\/08\/ChichiKoalabaum-1024x1024.jpg 1024w, https:\/\/qx2go.de\/wptest\/wp-content\/uploads\/2022\/08\/ChichiKoalabaum-300x300.jpg 300w, https:\/\/qx2go.de\/wptest\/wp-content\/uploads\/2022\/08\/ChichiKoalabaum-150x150.jpg 150w, https:\/\/qx2go.de\/wptest\/wp-content\/uploads\/2022\/08\/ChichiKoalabaum-768x768.jpg 768w, https:\/\/qx2go.de\/wptest\/wp-content\/uploads\/2022\/08\/ChichiKoalabaum-1536x1536.jpg 1536w, https:\/\/qx2go.de\/wptest\/wp-content\/uploads\/2022\/08\/ChichiKoalabaum.jpg 1876w\" sizes=\"auto, (max-width: 1024px) 100vw, 1024px\" \/><figcaption class=\"wp-element-caption\"><a href=\"https:\/\/de.wikipedia.org\/wiki\/Koala\">Ein Koala<\/a>!<\/figcaption><\/figure>\n\n\n\n<figure class=\"wp-block-image size-large\"><img loading=\"lazy\" decoding=\"async\" width=\"1015\" height=\"1024\" data-id=\"8\" src=\"https:\/\/qx2go.de\/wptest\/wp-content\/uploads\/2022\/08\/E31BE1A0-3AF3-4B63-A693-3BA4FC4D768A-1015x1024.jpeg\" alt=\"\" class=\"wp-image-8\" srcset=\"https:\/\/qx2go.de\/wptest\/wp-content\/uploads\/2022\/08\/E31BE1A0-3AF3-4B63-A693-3BA4FC4D768A-1015x1024.jpeg 1015w, https:\/\/qx2go.de\/wptest\/wp-content\/uploads\/2022\/08\/E31BE1A0-3AF3-4B63-A693-3BA4FC4D768A-297x300.jpeg 297w, https:\/\/qx2go.de\/wptest\/wp-content\/uploads\/2022\/08\/E31BE1A0-3AF3-4B63-A693-3BA4FC4D768A-150x150.jpeg 150w, https:\/\/qx2go.de\/wptest\/wp-content\/uploads\/2022\/08\/E31BE1A0-3AF3-4B63-A693-3BA4FC4D768A-768x775.jpeg 768w, https:\/\/qx2go.de\/wptest\/wp-content\/uploads\/2022\/08\/E31BE1A0-3AF3-4B63-A693-3BA4FC4D768A-1523x1536.jpeg 1523w, https:\/\/qx2go.de\/wptest\/wp-content\/uploads\/2022\/08\/E31BE1A0-3AF3-4B63-A693-3BA4FC4D768A.jpeg 1882w\" sizes=\"auto, (max-width: 1015px) 100vw, 1015px\" \/><figcaption class=\"wp-element-caption\"><a href=\"https:\/\/www.dreamstime.com\/photos-images\/monkey-eating-apple.html\">Affe und Apfel.<\/a><\/figcaption><\/figure>\n\n\n\n<figure class=\"wp-block-image size-large\"><img loading=\"lazy\" decoding=\"async\" width=\"1024\" height=\"711\" data-id=\"6\" src=\"https:\/\/qx2go.de\/wptest\/wp-content\/uploads\/2022\/08\/20210523_093835-scaled-e1659464849302-1024x711.jpg\" alt=\"\" class=\"wp-image-6\" srcset=\"https:\/\/qx2go.de\/wptest\/wp-content\/uploads\/2022\/08\/20210523_093835-scaled-e1659464849302-1024x711.jpg 1024w, https:\/\/qx2go.de\/wptest\/wp-content\/uploads\/2022\/08\/20210523_093835-scaled-e1659464849302-300x208.jpg 300w, https:\/\/qx2go.de\/wptest\/wp-content\/uploads\/2022\/08\/20210523_093835-scaled-e1659464849302-768x533.jpg 768w, https:\/\/qx2go.de\/wptest\/wp-content\/uploads\/2022\/08\/20210523_093835-scaled-e1659464849302.jpg 1152w\" sizes=\"auto, (max-width: 1024px) 100vw, 1024px\" \/><figcaption class=\"wp-element-caption\"><a href=\"https:\/\/www.gartenzeitung.com\/\">Eine Bl\u00fcte.<\/a><\/figcaption><\/figure>\n<\/figure>\n","protected":false},"excerpt":{"rendered":"<p>Schon seit ich dem Beutel entwachsen bin, ist Eukalyptus meine Leidenschaft. Ich bin Expertin f\u00fcr Anbau, Pflege, Zuschnitt, und die korrekte D\u00fcngung von Eukalyptuspflanzen. Erfolgreich habe ich bereits viele beliebte neue Sorten gez\u00fcchtet, die in Zoos auf der ganzen Welt begeisterte Abnehmer finden. Ich verkaufe alle Produkte rund um den Eukalyptusbaum, vom einzelnen Blatt bis [&hellip;]<\/p>\n","protected":false},"author":1,"featured_media":0,"parent":0,"menu_order":0,"comment_status":"closed","ping_status":"closed","template":"","meta":{"footnotes":""},"class_list":["post-67","page","type-page","status-publish","hentry"],"_links":{"self":[{"href":"https:\/\/qx2go.de\/wptest\/index.php\/wp-json\/wp\/v2\/pages\/67","targetHints":{"allow":["GET"]}}],"collection":[{"href":"https:\/\/qx2go.de\/wptest\/index.php\/wp-json\/wp\/v2\/pages"}],"about":[{"href":"https:\/\/qx2go.de\/wptest\/index.php\/wp-json\/wp\/v2\/types\/page"}],"author":[{"embeddable":true,"href":"https:\/\/qx2go.de\/wptest\/index.php\/wp-json\/wp\/v2\/users\/1"}],"replies":[{"embeddable":true,"href":"https:\/\/qx2go.de\/wptest\/index.php\/wp-json\/wp\/v2\/comments?post=67"}],"version-history":[{"count":29,"href":"https:\/\/qx2go.de\/wptest\/index.php\/wp-json\/wp\/v2\/pages\/67\/revisions"}],"predecessor-version":[{"id":147,"href":"https:\/\/qx2go.de\/wptest\/index.php\/wp-json\/wp\/v2\/pages\/67\/revisions\/147"}],"wp:attachment":[{"href":"https:\/\/qx2go.de\/wptest\/index.php\/wp-json\/wp\/v2\/media?parent=67"}],"curies":[{"name":"wp","href":"https:\/\/api.w.org\/{rel}","templated":true}]}}